16, what is -2 - 22?
-24
In base 11, what is -8 + 134?
127
In base 3, what is -10022 + -12?
-10111
In base 5, what is 12141 + 4?
12200
In base 14, what is -6 - 1a?
-22
In base 9, what is 3 - -6?
10
In base 14, what is 6bd - 3?
6ba
In base 3, what is 2 - 10221?
-10212
In base 2, what is 101101 + 0?
101101
In base 3, what is 2211 + 112?
10100
In base 8, what is -15656 + -5?
-15663
In base 4, what is -1020 + -11?
-1031
In base 12, what is 488 + 0?
488
In base 12, what is 5730 - -5?
5735
In base 2, what is 100110001001 + 100?
100110001101
In base 9, what is -1 - -1?
0
In base 3, what is 12200222 - 12?
12200210
In base 7, what is 12 - -5?
20
In base 11, what is 37 + -1a?
18
In base 9, what is -11482 - 5?
-11487
In base 5, what is 3 + 33142?
33200
In base 12, what is -1a2 - -4?
-19a
In base 11, what is -3 + -284?
-287
In base 10, what is 341 + 3?
344
In base 4, what is -10130 - 32?
-10222
In base 13, what is b + 0?
b
In base 7, what is 6 - 123?
-114
In base 16, what is -5 - 3c2?
-3c7
In base 9, what is -3 + 236?
233
In base 12, what is 0 - 9?
-9
In base 4, what is -1213 - -10?
-1203
In base 2, what is 10 - -10?
100
In base 14, what is -1d - 3?
-22
In base 11, what is 118 + 0?
118
In base 9, what is -2058 + -5?
-2064
In base 13, what is -10 + -203?
-213
In base 11, what is 38 - -4a?
87
In base 16, what is -2fb3 - 0?
-2fb3
In base 12, what is 2 + 97?
99
In base 10, what is -20 + 4?
-16
In base 3, what is -1 + 201120?
201112
In base 11, what is 10 + -1?
a
In base 12, what is 22 - 88b?
-869
In base 15, what is -42b - -4?
-427
In base 14, what is -9 - 8?
-13
In base 4, what is -3333 - 3?
-10002
In base 8, what is 52 - 207?
-135
In base 15, what is 3 - -72?
75
In base 15, what is 62 + 5?
67
In base 13, what is b2 + 4?
b6
In base 16, what is -1e7 - -5?
-1e2
In base 16, what is 3a - 6?
34
In base 13, what is 213 - -4?
217
In base 10, what is -15 - 7?
-22
In base 12, what is -4 + -467?
-46b
In base 5, what is -2144 + -20?
-2214
In base 9, what is 15 - -144?
160
In base 10, what is 4 - -3602?
3606
In base 9, what is -3016 - -4?
-3012
In base 13, what is -90 + 1?
-8c
In base 10, what is -306 + -7?
-313
In base 9, what is -2 - 50?
-52
In base 11, what is -1308 - 5?
-1312
In base 4, what is -11 + -13022?
-13033
In base 6, what is -10 - -45?
35
In base 7, what is 5 - 112?
-104
In base 9, what is -26 + 5?
-21
In base 9, what is 18 + 5?
24
In base 14, what is 20 - -27?
47
In base 6, what is -54 + 21?
-33
In base 4, what is -30 + 20?
-10
In base 14, what is 96 - 4?
92
In base 12, what is -3 + 8?
5
In base 12, what is ab - -a?
b9
In base 6, what is 1 + -4035?
-4034
In base 10, what is -10 + -7?
-17
In base 14, what is 56 + 15?
6b
In base 5, what is 1234 + -2?
1232
In base 10, what is 1 + -1758?
-1757
In base 6, what is -250 - -21?
-225
In base 15, what is b + -31?
-25
In base 10, what is 1 - 86?
-85
In base 9, what is 472 - 0?
472
In base 13, what is -7 + -16b?
-175
In base 14, what is 9 + -3b?
-32
In base 8, what is 25 + -3?
22
In base 2, what is 1110000110 - -111?
1110001101
In base 6, what is -25 + 10052?
10023
In base 8, what is 3 + -44?
-41
In base 14, what is -2 + 240?
23c
In base 7, what is -3 - 1012?
-1015
In base 6, what is -2 - -33?
31
In base 13, what is 112 - -7?
119
In base 8, what is 2312 + 3?
2315
In base 8, what is 3 - -55?
60
In base 4, what is -103331 + 1?
-103330
In base 11, what is -a - 19?
-28
In base 10, what is 2 - -7313?
7315
In base 6, what is -432 + -1?
-433
In base 9, what is -68 + -4?
-73
In base 5, what is 2 + -4124?
-4122
In base 12, what is 0 - -330?
330
In base 11, what is -4 + 354?
350
In base 6, what is 12 + 502?
514
In base 6, what is 4 - -205?
213
In base 6, what is 12 - 121?
-105
In base 4, what is -1 + -1132?
-1133
In base 6, what is -3 - 35231?
-35234
In base 7, what is -113 - 134?
-250
In base 9, what is -15 - 0?
-15
In base 8, what is 7 + -42?
-33
In base 2, what is -10011000 - -110011?
-1100101
In base 6, what is -1153 + -130?
-1323
In base 13, what is 2 + 12?
14
In base 9, what is -651 - 3?
-654
In base 6, what is 1 - 20?
-15
In base 4, what is 0 + -3?
-3
In base 6, what is -4 + -21?
-25
In base 11, what is 2 - 405?
-403
In base 8, what is -227 + -1?
-230
In base 3, what is -120220 - 1?
-120221
In base 6, what is 1125 - 5?
1120
In base 7, what is -22 + 0?
-22
In base 8, what is 1 - 65?
-64
In base 6, what is 4 + -222?
-214
In base 9, what is 220 + 4?
224
In base 12, what is -3a7 + -3?
-3aa
In base 7, what is -1 - -11052?
11051
In base 16, what is -5 - e9?
-ee
In base 11, what is 60 + -4?
57
In base 8, what is -1 - -12?
11
In base 3, what is 202 + -120?
12
In base 7, what is -152 - -4?
-145
In base 2, what is -11000010 - -1110?
-10110100
In base 14, what is 49 + -44?
5
In base 8, what is -5 + -11?
-16
In base 8, what is 1437 + 1?
1440
In base 12, what is -62 - 13?
-75
In base 3, what is 111012 - -11?
111100
In base 7, what is -5 - -2302?
2264
In base 12, what is -2 + 870?
86a
In base 5, what is -10 + -10?
-20
In base 2, what is -100010100 - 100?
-100011000
In base 5, what is 330 + 0?
330
In base 10, what is -10 - -387?
377
In base 8, what is 17 + 1040?
1057
In base 15, what is 8abc - 3?
8ab9
In base 7, what is -222 - -5?
-214
In base 2, what is 11 + 1100?
1111
In base 6, what is -44 - -11?
-33
In base 13, what is -19 - 3?
-1c
In base 3, what is 1 + 2001?
2002
In base 13, what is -1 - -152?
151
In base 5, what is -24033 - 0?
-24033
In base 6, what is 12 + 54?
110
In base 5, what is 142 + 2?
144
In base 6, what is 425 + -12?
413
In base 7, what is 1015 + -113?
602
In base 4, what is 121 - 111?
10
In base 5, what is 13 + -142?
-124
In base 13, what is -502 - -5?
-4ca
In base 12, what is b9 - 89?
30
In base 16, what is 3 + 348?
34b
In base 2, what is 110001 + 1000?
111001
In base 2, what is -11101 - -111101?
100000
In base 10, what is -2787 - -1?
-2786
In base 4, what is 2012023 + -11?
2012012
In base 12, what is -720 + -5?
-725
In base 4, what is 3133232 + 0?
3133232
In base 13, what is 900 + -a?
8c3
In base 14, what is -1 - 4b?
-4c
In base 7, what is 0 - 523?
-523
In base 13, what is 3 - -58?
5b
In base 7, what is 1 + -1300?
-1266
In base 4, what is 2 + -210?
-202
In base 16, what is 0 + 412?
412
In base 2, what is 10100010010 + 100?
10100010110
In base 2, what is -1101 - 100101111?
-100111100
In base 10, what is -141 - 16?
-157
In base 14, what is -833 - -5?
-82c
In base 8, what is 4 - 560?
-554
In base 12, what is 9 - -93?
a0
In base 16, what is 21 + 6?
27
In base 13, what is -2 + -a25?
-a27
In base 4, what is -10033221 - -1?
-10033220
In base 9, what is -100 + 3?
-86
In base 8, what is 1 - -157?
160
In base 12, what is 84b + 0?
84b
In base 16, what is 5 - -2f?
34
In base 4, what is -133 - -220?
21
In base 16, what is 4 + -f7a?
-f76
In base 5, what is -4 + -4412?
-4421
In base 13, what is -22 - 1?
-23
In base 9, what is -3808 + 5?
-3803
In base 4, what is -11010 + -11?
-11021
In base 8, what is -3 + 226?
223
In base 6, what is -334 + -3?
-341
In base 11, what is -7 - 16?
-22
In base 7, what is 122 - 221?
-66
In base 16, what is -3c + 5?
-37
In base 3, what is 1222200210 - -11?
1222200221
In base 14, what is 5 - 61?
-5a
In base 6, what is -111 - 3?
-114
In base 9, what is -4 - 100?
-104
In base 13, what is -2 - -50a?
508
In base 8, what is 0 + 1040?
1040
In base 6, what is 1 - -2041?
2042
In base 6, what is -10 - -24?
14
In base 5, what is 3244 + -41?
3203
In base 8, what is -45 - -2?
-43
In base 11, what is 24 - 5?
1a
In base 14, what is 6 + 8ab?
8b3
In base 6, what is 214 - -12?
230
In base 6, what is -3 - 11?
-14
In base 11, what is -52 - -27?
-26
In base 13, what is 578 - 1a?
55b
In base 5, what is 1301 - -21?
1322
In base 13, what is -5 - -a8?
a3
In base 6, what is 225 + 5?
234
In base 2, what is -1100011110 + 10000?
-1100001110
In base 10, what is -34 - -3?
-31
In base 9, what is 122352 - -1?
122353
In base 16, what is 0 + -63e?
-63e
In base 7, what is 141 - -2?
143
In base 2, what is 1001100 - -101?
1010001
In base 6, what is -241322 + -2?
-241324
In base 10, what is 148 + 4?
152
In base 8, what is 1000 - -3?
1003
In base 4, what is 133 + 103?
302
In base 5, what is -4 - 12402?
-12411
In base 13, what is -21 - 10?
-31
In base 11, what is 0 - -66a?
66a
In base 4, what is 11 - 21210?
-21133
In base 6, what is -3 + -2